737 (base 12) in base 15?
-4a1
What is 175 (base 8) in base 7?
236
-301 (base 11) to base 9
-444
4200 (base 6) to base 14
4ac
Convert 5233 (base 6) to base 11.
977
What is 13321 (base 5) in base 12?
766
Convert 20021 (base 9) to base 14.
4b09
Convert -11101101000 (base 2) to base 9.
-2536
What is 2202212 (base 3) in base 10?
2021
What is -2102012 (base 3) in base 7?
-5063
Convert -719 (base 13) to base 16.
-4b5
Convert 21002210 (base 3) to base 12.
2bb6
What is -4617 (base 10) in base 16?
-1209
Convert 155 (base 10) to base 12.
10b
101212 (base 3) to base 13
197
41 (base 15) to base 5
221
-370 (base 16) to base 5
-12010
10730 (base 9) to base 16
1bf3
What is -13352 (base 7) in base 15?
-110e
Convert 1188 (base 13) to base 2.
100110101110
-7445 (base 10) to base 11
-5659
-10220202 (base 3) to base 13
-13b8
1 (base 9) to base 8
1
What is -300 (base 7) in base 2?
-10010011
-726 (base 8) to base 15
-215
144353 (base 6) to base 7
55500
What is 747 (base 9) in base 13?
37c
-166 (base 7) to base 10
-97
Convert 2020322 (base 4) to base 15.
28e2
Convert 22132133 (base 4) to base 6.
530355
Convert -12 (base 4) to base 14.
-6
What is -200 (base 8) in base 16?
-80
Convert -2143 (base 14) to base 6.
-42331
What is 73d (base 15) in base 7?
4522
-111001000 (base 2) to base 8
-710
Convert -12431 (base 5) to base 11.
-821
Convert 2088 (base 13) to base 14.
18dc
112122 (base 3) to base 11
32a
2ca (base 14) to base 9
703
4ae (base 16) to base 4
102232
What is 232 (base 11) in base 4?
10111
Convert 113100 (base 4) to base 2.
10111010000
344a5 (base 11) to base 16
c2b6
383 (base 11) to base 13
28c
What is 111334 (base 5) in base 8?
7601
Convert 12110001 (base 3) to base 16.
f82
What is 101 (base 8) in base 9?
72
11123033 (base 4) to base 2
101011011001111
32021 (base 6) to base 8
10355
Convert -8035 (base 15) to base 9.
-41085
Convert 10522 (base 7) to base 12.
165a
-a05 (base 12) to base 2
-10110100101
What is 22030 (base 6) in base 10?
3042
53c (base 13) to base 11
745
81a3 (base 11) to base 6
122214
1001000101101 (base 2) to base 11
3550
Convert 1a13 (base 13) to base 7.
14244
What is -22106 (base 8) in base 7?
-36034
6a9c (base 14) to base 3
221110111
Convert aa8 (base 11) to base 15.
5d8
-566 (base 10) to base 12
-3b2
What is 7c8 (base 16) in base 15?
8cc
2345 (base 12) to base 10
3941
Convert 144 (base 8) to base 11.
91
100101100 (base 2) to base 12
210
What is -365e (base 16) in base 13?
-6448
What is -5615 (base 11) in base 10?
-7397
What is 33 (base 14) in base 15?
30
Convert 3030 (base 11) to base 2.
111110111010
What is -1100011000010 (base 2) in base 16?
-18c2
117d (base 16) to base 12
2711
3436 (base 12) to base 14
2186
-62a (base 11) to base 15
-358
Convert 813 (base 15) to base 14.
93c
3023 (base 7) to base 13
626
What is 370 (base 14) in base 12?
492
38e (base 15) to base 16
329
What is 1405 (base 8) in base 11?
643
Convert -8b (base 12) to base 8.
-153
What is 1154c (base 15) in base 3?
2210201100
Convert 85378 (base 9) to base 2.
1101110001111111
1611 (base 7) to base 9
786
1140 (base 8) to base 2
1001100000
What is -103321 (base 4) in base 16?
-4f9
Convert -1a (base 12) to base 13.
-19
Convert 513 (base 6) to base 12.
139
Convert 1011 (base 7) to base 2.
101011111
Convert 1399 (base 14) to base 8.
6613
bb8 (base 12) to base 8
3274
265 (base 10) to base 15
12a
Convert 766 (base 13) to base 10.
1267
Convert -2222 (base 7) to base 13.
-497
242 (base 14) to base 3
121200
Convert -2363 (base 9) to base 14.
-8d8
-5611 (base 11) to base 8
-16341
Convert -13001 (base 4) to base 9.
-548
3604 (base 8) to base 16
784
1000000000110111 (base 2) to base 13
11c2b
-84 (base 10) to base 6
-220
What is 2042 (base 12) in base 14?
13c6
Convert bbac (base 14) to base 4.
13323230
323c (base 13) to base 10
6980
Convert 209 (base 15) to base 7.
1224
What is -1640 (base 13) in base 14?
-1291
What is 22000210 (base 3) in base 12?
3479
What is 585 (base 9) in base 2?
111100010
Convert 11012112 (base 3) to base 12.
1935
What is 2332 (base 5) in base 3?
110200
1013 (base 7) to base 2
101100001
What is 320a (base 16) in base 2?
11001000001010
-b420 (base 13) to base 9
-37102
2136 (base 7) to base 12
536
Convert -100100000 (base 2) to base 10.
-288
Convert 6a (base 16) to base 8.
152
Convert 5457 (base 8) to base 10.
2863
Convert -24472 (base 9) to base 7.
-65615
-667 (base 12) to base 15
-42d
Convert -10163 (base 8) to base 7.
-15164
What is -54ce (base 15) in base 3?
-220122112
-23534 (base 6) to base 5
-102232
1021101202 (base 3) to base 12
12618
What is 564 (base 9) in base 5?
3323
What is -784 (base 15) in base 9?
-2287
1044 (base 14) to base 10
2804
What is 962a (base 14) in base 2?
110010100110110
What is -a765 (base 15) in base 9?
-53525
13112 (base 5) to base 16
408
What is -4446 (base 13) in base 12?
-5616
What is -782 (base 14) in base 13?
-8a4
Convert 1469 (base 10) to base 4.
112331
What is -1123 (base 5) in base 8?
-243
What is -a214 (base 11) in base 3?
-200121111
Convert 32230 (base 5) to base 8.
4216
What is -524d (base 14) in base 13?
-65bb
What is -14a31 (base 13) in base 7?
-221635
What is -130103 (base 7) in base 4?
-11313332
What is 13 (base 5) in base 9?
8
1111011001101011 (base 2) to base 16
f66b
What is 6531 (base 7) in base 12?
1419
30013 (base 4) to base 2
1100000111
Convert -4337 (base 10) to base 6.
-32025
-3660 (base 9) to base 2
-101010100111
-6253 (base 7) to base 2
-100010010010
What is -115b3 (base 14) in base 13?
-16338
Convert -221232 (base 4) to base 13.
-12a5
41c (base 14) to base 9
1100
Convert -21232 (base 6) to base 12.
-1818
-9657 (base 13) to base 9
-31546
What is -17291 (base 10) in base 6?
-212015
Convert -131312 (base 4) to base 2.
-11101110110
Convert -10100001110 (base 2) to base 14.
-686
What is 88278 (base 9) in base 16?
e4b9
23443 (base 10) to base 15
6e2d
Convert 287 (base 16) to base 5.
10042
Convert -131311 (base 4) to base 11.
-1486
Convert -556 (base 15) to base 10.
-1206
4231 (base 6) to base 16
3bb
Convert -341003 (base 5) to base 16.
-2ee3
Convert -1054 (base 10) to base 16.
-41e
What is -100101111001 (base 2) in base 6?
-15121
a41 (base 12) to base 10
1489
Convert -1121222202 (base 3) to base 7.
-162332
Convert 194 (base 11) to base 15.
ee
What is -22740 (base 8) in base 13?
-454b
-30120 (base 4) to base 5
-11132
5454 (base 13) to base 12
6956
Convert 110010100111011 (base 2) to base 15.
7a2a
What is -36514 (base 9) in base 10?
-24475
7872 (base 13) to base 8
40670
Convert -33312 (base 4) to base 3.
-1101120
What is 10134010 (base 5) in base 13?
2c0b1
-7a15 (base 11) to base 3
-112110111
What is -459a (base 14) in base 3?
-121120212
-1127 (base 9) to base 14
-439
1222424 (base 5) to base 8
55701
-106 (base 10) to base 2
-1101010
22574 (base 9) to base 8
35314
What is -17527 (base 8) in base 15?
-259d
Convert 481 (base 10) to base 4.
13201
Convert -38d2 (base 14) to base 10.
-9984
What is -240 (base 15) in base 10?
-510
What is -4663 (base 9) in base 11?
-2665
-112216 (base 7) to base 13
-914b
What is 142014 (base 5) in base 4?
1123330
-729 (base 12) to base 14
-545
9a50 (base 12) to base 11
118a2
-13930 (base 12) to base 5
-1333002
What is 2c1 (base 13) in base 2?
111101111
What is 10111000111101 (base 2) in base 4?
2320331
10100111110001 (base 2) to base 6
121413
What is -71d (base 15) in base 3?
-2012101
48112 (base 9) to base 11
22194
Convert -3318 (base 10) to base 11.
-2547
What is -10100101011111 (base 2) in base 6?
-121011
What is -310 (base 6) in base 7?
-222
37612 (base 8) to base 14
5cdc
What is -22443 (base 5) in base 3?
-2020010
Convert -645 (base 13) to base 4.
-100233
What is -110010010110 (base 2) in base 16?
-c96
689 (base 11) to base 9
1114
-128 (base 13) to base 7
-410
-3bca (base 13) to base 11
-6523
What is -3686 (base 13) in base 2?
-1111000100011
Convert -540 (base 9) to base 14.
-237
6c1 (base 13) to base 14
5d9
What is 1000111100111 (base 2) in base 3?
20021202
3132 (base 11) to base 15
1369
What is 595 (base 11) in base 6?
3141
What is 43401 (base 8) in base 3?
220221020
What is 123464 (base 8) in base 16?
a734
Convert -1334311 (base 5) to base 9.
-41586
Convert 31122 (base 4) to base 6.
3550
What is -3310 (base 6) in base 12?
-536
-50417 (base 8) to base 9
-31416
What is 8271 (base 12) 